0031333030 (base 4) to base 16
-30dfcc
-108448b (base 12) to base 16
-3035ab
What is 21443032 (base 5) in base 13?
67312
Convert 3032001332 (base 4) to base 6.
30030542
Convert -1003214 (base 9) to base 12.
-218ab7
Convert -2c2776 (base 16) to base 11.
-16a7084
7812a (base 11) to base 15
23878
Convert 10031111202 (base 4) to base 16.
10d562
What is -f5ada9 (base 16) in base 14?
-21d18b7
-1b291 (base 14) to base 12
-33bbb
142113310 (base 5) to base 15
e8c8a
Convert -1234441 (base 6) to base 8.
-203071
What is 1023402230 (base 5) in base 13?
5ac392
Convert -24360336 (base 8) to base 13.
-115b54b
What is 60663640 (base 7) in base 12?
183b001
What is -2221222433 (base 5) in base 7?
-56241133
What is 2655277 (base 9) in base 14?
29bb90
What is 112022120212001 (base 3) in base 2?
11101000001101101101011
45929 (base 13) to base 11
8728a
What is 2000020201100 (base 3) in base 10?
1067778
Convert -164536 (base 8) to base 5.
-3402432
What is -567a3d (base 15) in base 16?
-3ef75e
10001100111110010 (base 2) to base 15
165bd
185b557 (base 12) to base 2
10011011101001001010011
-120520530 (base 6) to base 13
-61b3c9
What is -1c64cf (base 16) in base 6?
-103514515
Convert -22111102010112 (base 3) to base 10.
-4515521
Convert -103313565 (base 7) to base 5.
-3040000031
What is -130235 (base 8) in base 3?
-2022000120
What is -11551456 (base 7) in base 8?
-3752764
Convert 23501541 (base 6) to base 9.
1345817
What is -1c2411 (base 13) in base 7?
-6053346
-1011111000010001000111 (base 2) to base 12
-1062147
What is -4141303 (base 5) in base 8?
-205350
520615 (base 7) to base 2
10101110000110111
169269b (base 12) to base 9
8707072
What is 12021110010220 (base 3) in base 10?
2803839
What is -241740 (base 8) in base 10?
-82912
What is 404420131 (base 5) in base 7?
16633550
Convert -98eef (base 16) to base 8.
-2307357
-2211356 (base 10) to base 11
-1280474
3b9a2e (base 15) to base 10
2867669
59575 (base 10) to base 16
e8b7
Convert 450 (base 12) to base 6.
2540
Convert 4731020 (base 9) to base 3.
11211001000200
Convert 212146 (base 12) to base 14.
d8378
Convert 1807839 (base 10) to base 5.
430322324
18505a7 (base 13) to base 9
15842826
60464402 (base 8) to base 7
213203245
What is -225755 (base 11) in base 13?
-c74c3
-32371 (base 12) to base 16
-10285
What is 56a311 (base 12) in base 3?
2121102122111
-122544 (base 8) to base 11
-298a1
Convert -10010220212 (base 3) to base 5.
-3440112
-12245 (base 9) to base 4
-2000132
1011001101111001110 (base 2) to base 12
158866
What is 31233232 (base 5) in base 13?
908ca
What is 18019aa (base 11) in base 4?
23223223231
Convert 125653466 (base 7) to base 12.
28738b8
Convert -4c32b (base 14) to base 12.
-90417
6b032 (base 14) to base 4
333221310
What is -11100101101101010101 (base 2) in base 14?
-1a6c61
Convert -361449 (base 10) to base 13.
-c869a
Convert 322222221 (base 4) to base 13.
854b5
12032332 (base 6) to base 8
1341540
-1795051 (base 10) to base 7
-21154246
What is -7004167 (base 8) in base 14?
-35b74b
2104013 (base 5) to base 12
1822b
Convert -133876 (base 10) to base 3.
-20210122101
Convert e3c6ea (base 15) to base 13.
2320354
Convert -1692007 (base 10) to base 16.
-19d167
374339 (base 10) to base 3
201000111102
Convert 221202120011 (base 3) to base 5.
112211224
-e725 (base 16) to base 3
-10000011121
1c5b7c (base 15) to base 16
152766
What is -1111111111111001001 (base 2) in base 8?
-1777711
What is 103c15b (base 14) in base 11?
4374650
Convert 100010101011101 (base 2) to base 5.
1032012
Convert 11211111002 (base 3) to base 14.
26947
What is -2881965 (base 10) in base 11?
-1699299
-15580138 (base 9) to base 7
-123124415
What is 121020122202200 (base 3) in base 16?
83bef9
What is 9713 (base 10) in base 11?
7330
Convert -6797135 (base 10) to base 6.
-401404115
6043a2 (base 14) to base 13
89517c
What is -45466 (base 14) in base 2?
-101001000101000010
Convert -1103011221 (base 5) to base 11.
-13937a3
Convert 1000110101011000 (base 2) to base 16.
8d58
-55455 (base 7) to base 2
-11011010000100
-414651 (base 7) to base 10
-71331
72335d (base 14) to base 9
7217806
What is -30301101 (base 5) in base 14?
-64c57
Convert -2420211 (base 6) to base 12.
-61667
Convert -1341232 (base 6) to base 2.
-10010011011010100
Convert -104399 (base 10) to base 6.
-2123155
Convert -7b5953 (base 13) to base 7.
-33604006
-827162 (base 9) to base 14
-cabbc
Convert -235252 (base 14) to base 9.
-2236047
Convert -220864 (base 14) to base 13.
-315429
Convert 100101010110010101 (base 2) to base 11.
a4a34
What is -ea424 (base 16) in base 8?
-3522044
-15303102 (base 8) to base 4
-31120121002
Convert 2123333332 (base 4) to base 14.
128c10
Convert -1602001 (base 8) to base 3.
-212100200210
-22488 (base 11) to base 4
-13330030
-185166 (base 11) to base 16
-45963
-1001100101010000 (base 2) to base 13
-14b31
Convert -10010111101011111101010 (base 2) to base 12.
-17b8522
223020234 (base 5) to base 11
613626
What is 402451 (base 7) in base 16?
10a32
Convert 720508 (base 9) to base 8.
1501576
What is -3231132110 (base 4) in base 15?
-143312
-45616211 (base 7) to base 5
-2010102244
What is -231d8 (base 15) in base 14?
-2ca5d
-251341 (base 6) to base 12
-10b51
What is -5504763 (base 9) in base 13?
-7c660b
What is -43501036 (base 7) in base 14?
-6d1c56
What is 200523551 (base 6) in base 7?
40625044
Convert 23130065 (base 8) to base 3.
100110100011102
-2117675 (base 9) to base 2
-100010100111001000101
Convert -1110111111101001000101 (base 2) to base 7.
-45260514
Convert -20012010212 (base 3) to base 13.
-435cb
What is -1355225544 (base 6) in base 13?
-3621862
Convert -121023133331 (base 4) to base 15.
-8a5b6b
-100000001000111100000010 (base 2) to base 10
-8425218
685932 (base 11) to base 9
2042768
What is -1354707 (base 8) in base 14?
-9da3d
10232010031 (base 4) to base 5
304043021
What is -4a8541 (base 11) in base 15?
-10c90c
What is 213132021031 (base 4) in base 10?
10347085
Convert -217677 (base 10) to base 13.
-78105
What is -21322221 (base 4) in base 12?
-1b609
What is -22030010030 (base 4) in base 10?
-2670860
-101100001011010000111 (base 2) to base 10
-1447559
-12000222220000 (base 3) to base 10
-2676807
-5cf1 (base 16) to base 6
-302053
What is 3858135 (base 9) in base 16?
202079
11634203 (base 7) to base 13
2aa32b
What is 130041153 (base 6) in base 13?
6a5327
647650 (base 9) to base 14
a0a3a
696451 (base 12) to base 4
12130233331
Convert -21220202211111 (base 3) to base 6.
-230103534
-423243 (base 5) to base 6
-145422
-1011112112 (base 3) to base 12
-1137b
-27619 (base 13) to base 14
-1cb29
Convert -8ddab (base 15) to base 2.
-1101110010101111001
33552 (base 12) to base 7
402521
-469298 (base 10) to base 12
-1a7702
What is -2b39a (base 13) in base 4?
-110000003
Convert -30004544 (base 6) to base 5.
-203402010
-33553515 (base 6) to base 13
-29bcb2
-2d08a (base 14) to base 4
-123133302
-2300201232 (base 4) to base 11
-454272
Convert -101212200011 (base 3) to base 11.
-136935
What is -2304230244 (base 5) in base 12?
-1883788
78ed4 (base 16) to base 12
1ba784
Convert 3a766 (base 16) to base 11.
153a03
What is -100336 (base 7) in base 15?
-5071
1cb16 (base 13) to base 2
1101110111100011
What is 54a4b1 (base 13) in base 4?
13212230123
Convert -3710e (base 15) to base 2.
-101010111001111011
What is -6617a8 (base 15) in base 2?
-10010100011110001010100
Convert 152015 (base 6) to base 12.
860b
Convert -1b95b8 (base 13) to base 12.
-2a0849
-164536 (base 8) to base 10
-59742
What is 717355 (base 9) in base 13?
11b775
Convert 1e1b9 (base 15) to base 3.
11222210210
Convert 15491 (base 13) to base 3.
2001100002
16c3 (base 16) to base 10
5827
Convert 33111232011 (base 4) to base 2.
1111010101101110000101
Convert -14232424 (base 5) to base 12.
-72362
Convert -1327235 (base 11) to base 9.
-4275186
What is -2423205 (base 8) in base 6?
-22131421
Convert -2451052 (base 6) to base 13.
-47900
Convert 110000100101111010011 (base 2) to base 6.
54043351
-144bb51 (base 12) to base 4
-33211102231
Convert -2d1c42 (base 15) to base 3.
-11002220112022
1686614 (base 10) to base 6
100052222
11310130 (base 5) to base 11
70a85
What is 547241 (base 8) in base 5?
21341334
-5006402 (base 8) to base 12
-534542
What is -824065 (base 9) in base 7?
-4103111
Convert -133b81b (base 12) to base 8.
-16432